{"id":13,"date":"2016-05-30T09:49:54","date_gmt":"2016-05-30T09:49:54","guid":{"rendered":"http:\/\/localhost\/gocargo\/demo3\/?page_id=11"},"modified":"2023-08-25T18:47:10","modified_gmt":"2023-08-25T16:47:10","slug":"home-3","status":"publish","type":"page","link":"https:\/\/mabucoo.com\/index.php\/home-3\/","title":{"rendered":"ACCUEIL"},"content":{"rendered":"<section class=\"wpb-content-wrapper\"><p>[vc_row fullwidth=&#8221;yes&#8221; css=&#8221;.vc_custom_1692982024536{padding-top: 0px !important;padding-bottom: 0px !important;background-image: url(http:\/\/mabucoo.com\/wp-content\/uploads\/2016\/05\/poster-1.jpg?id=395) !important;}&#8221;][vc_column]\t\n\t<div class=\"de-video-container autoheight no-padding\">\n\t\t<div class=\"center-y absolute w100p h100p\">\n\t        <div class=\"inner\">\n\t            <div class=\"container\">\n\t                <div class=\"row\">\n\t                    <div class=\"col-md-12 text-center\">\n\t                        <img src=\"https:\/\/mabucoo.com\/wp-content\/uploads\/2023\/08\/cooltext441785758260652.png\" alt=\"\" \/>\n\t\t\t\t\t\t\t<div class=\"divider-double\"><\/div>\n\t                    <\/div>\n\t                <\/div>\n\t            <\/div>\n\t        <\/div>\n\t    <\/div>\n\t\t\n\t\t<div class=\"bg-overlay overlaydark80\"><\/div>\t\n\t\t<!-- HTML5 Video Code -->\n\t\t<video autoplay=\"autoplay\" loop=\"loop\" autobuffer=\"autobuffer\" muted=\"muted\" poster=\"\" playsinline webkit-playsinline>\n\t\t\t<source src=\"http:\/\/mabucoo.com\/wp-content\/uploads\/2016\/06\/video-cargo-1.mp4\" type=\"video\/mp4\" \/>\t\t\t<source src=\"http:\/\/mabucoo.com\/wp-content\/uploads\/2016\/06\/video-cargo-1.webm\" type=\"video\/webm\" \/>\t\t<\/video>\n\t<\/div>\n    \n[\/vc_column][\/vc_row][vc_row css=&#8221;.vc_custom_1465286861099{padding-top: 0px !important;padding-bottom: 0px !important;}&#8221; el_class=&#8221;mt-90 absolute width100 z-index10 height90px overlaydark70&#8243;][vc_column width=&#8221;1\/4&#8243;]\t\n\n\t<div class=\"info-box vc_custom_1692976652628\">\n        <i class=\"fas fa-bell\"><\/i>\n        <div class=\"info-box_text\">\n            <div class=\"info-box_title\">Heures Ouverture<\/div>            <div class=\"info-box_subtite\">Tous les Jours: 24h\/24<\/div>        <\/div>\n    <\/div>      \n\n[\/vc_column][vc_column width=&#8221;1\/4&#8243;]\t\n\n\t<div class=\"info-box vc_custom_1692978171321\">\n        <i class=\"fas fa-hand-point-right\"><\/i>\n        <div class=\"info-box_text\">\n            <div class=\"info-box_title\">Nous Sommes au<\/div>            <div class=\"info-box_subtite\">Foshan City, GuangDong Province 528 400,<\/div>        <\/div>\n    <\/div>      \n\n[\/vc_column][vc_column width=&#8221;1\/4&#8243;]\t\n\n\t<div class=\"info-box vc_custom_1692978550319\">\n        <i class=\"fas fa-hand-point-right\"><\/i>\n        <div class=\"info-box_text\">\n            <div class=\"info-box_title\">Retrouvez-nous<\/div>            <div class=\"info-box_subtite\">A1 3 Floor, DeYi Build,<\/div>        <\/div>\n    <\/div>      \n\n[\/vc_column][vc_column width=&#8221;1\/4&#8243;]\t\n\n\t<div class=\"info-box vc_custom_1692978450879\">\n        <i class=\"fas fa-phone-volume\"><\/i>\n        <div class=\"info-box_text\">\n            <div class=\"info-box_title\">Appelez-Nous<\/div>            <div class=\"info-box_subtite\">86-757-28109227|86-18675713177<\/div>        <\/div>\n    <\/div>      \n\n[\/vc_column][vc_column][\/vc_column][\/vc_row][vc_row img_halfrow=&#8221;yes&#8221; halfrow_image=&#8221;398&#8243; img_columns=&#8221;6columns&#8221; img_position=&#8221;imgright&#8221; css=&#8221;.vc_custom_1465286989430{padding-top: 90px !important;padding-bottom: 70px !important;}&#8221;][vc_column width=&#8221;1\/2&#8243; offset=&#8221;vc_col-md-5&#8243;]\n\t<div class=\"text-left \">\n\t\t \n\t\t\t <h2>Qui sommes-nous ?<\/h2>\t        <p class=\"lead\">Warehouse de MABUCO EXPRESS<\/p>\t\t\t<div class=\"divider-deco\"><span><\/span><\/div>\t\t\t\n\t\t    <\/div>\t\n\t\n[vc_column_text css=&#8221;.vc_custom_1692977565712{margin-bottom: 30px !important;}&#8221;]C&#8217;est une entreprise transitaire situ\u00e9e \u00e0 Foshan City, GuangDong Province.<\/p>\n<p>Vous trouverez un depot tres grand et securis\u00e9 qui repond \u00e0 toutes les commodit\u00e9s.<\/p>\n<p>Nous travaillons avec la renomm\u00e9e soci\u00e9t\u00e9 de Transit SinoTeKK CO, Ltd<\/p>\n<p>Retrouvez-nous au:<\/p>\n<p>A1 3 floor, DeYi Build<\/p>\n<p>ShunDe Aera, Foshan City, GuangDong Province 528400 china<\/p>\n<p>Notre Representante Yuki Shu sera tres heureux de vous accueillir et repondra \u00e0 toutes vos questions et attentes<\/p>\n<p>Tel\/Fax: 86-757-28109227<\/p>\n<p>Mob: 86-18675713177<\/p>\n<p>Email: yuki@sinotekk.com<\/p>\n<p>[\/vc_column_text]\t\t\t\n\t<a class=\" btn-arrow id-color \" href=\"#\" title=\"View Details\" target=\"_self\"><span class=\"line\"><\/span><span class=\"url\">View Details<\/span><\/a>\t\n[\/vc_column][vc_column offset=&#8221;vc_col-md-offset-2 vc_col-md-5&#8243;][\/vc_column][\/vc_row][vc_row css=&#8221;.vc_custom_1692978276467{background-color: #000000 !important;}&#8221;][vc_column width=&#8221;1\/3&#8243;]\t\n\n\t<div class=\"info-box vc_custom_1692977946045\">\n        <i class=\"fas fa-hand-point-right\"><\/i>\n        <div class=\"info-box_text\">\n            <div class=\"info-box_title\">Nous Sommes au<\/div>            <div class=\"info-box_subtite\">Au Senegal\/Dakar\/Mermoz<\/div>        <\/div>\n    <\/div>      \n\n[\/vc_column][vc_column width=&#8221;1\/3&#8243;]\t\n\n\t<div class=\"info-box vc_custom_1692978418599\">\n        <i class=\"fas fa-hand-point-right\"><\/i>\n        <div class=\"info-box_text\">\n            <div class=\"info-box_title\">Retrouvez-nous<\/div>            <div class=\"info-box_subtite\">41 Mermoz Pyrotechnique Dakar<\/div>        <\/div>\n    <\/div>      \n\n[\/vc_column][vc_column width=&#8221;1\/3&#8243;]\t\n\n\t<div class=\"info-box vc_custom_1692977993379\">\n        <i class=\"fas fa-phone-volume\"><\/i>\n        <div class=\"info-box_text\">\n            <div class=\"info-box_title\">Appelez-Nous<\/div>            <div class=\"info-box_subtite\">Tel: +221 77 593 6777| Wat: +44 7506 133619<\/div>        <\/div>\n    <\/div>      \n\n[\/vc_column][\/vc_row][vc_row fullwidth=&#8221;yes&#8221; bg_parallax_section=&#8221;yes&#8221; parallax_image_section=&#8221;386&#8243; el_id=&#8221;section-track&#8221; el_class=&#8221;no-padding light-text alt&#8221;][vc_column][vc_column_text css=&#8221;.vc_custom_1464861059871{margin-bottom: 0px !important;}&#8221;]    <div class=\"container\">\r\n        <div class=\"row\">\r\n            <form role=\"search\" method=\"POST\" id=\"searchform\" name=\"trackform\">\r\n                <div class=\"col-md-9\">\r\n                    <div class=\"row\">\r\n                        <div class=\"col-md-7 no-padding\">\r\n                            <div class=\"inner\">\r\n                                <h3>Track &amp; Trace<\/h3>\r\n                                <span>Already have a load ID, please insert it below<\/span>\r\n                            <\/div>\r\n                        <\/div>\r\n                        <div class=\"col-md-5 no-padding\">\r\n                            <input class=\"input-fullwidth\" type=\"text\" value=\"\" name=\"s\" id=\"s\">\r\n                        <\/div>\r\n                    <\/div>\r\n                <\/div>                  \r\n                <div class=\"col-md-3\">\r\n                    <input class=\"btn-custom btn-fullwidth\" type=\"submit\" onclick=\"return IsEmpty();\" value=\"TRACK IT\" name=\"submit\">\r\n\t\t\t\t\t<img class=\"ajax-loader\" src=\"https:\/\/mabucoo.com\/wp-content\/plugins\/gocargo-shipment\/include\/admin\/assets\/images\/loader.gif\" alt=\"Sending ...\">\r\n                <\/div>\r\n                <input type=\"hidden\" name=\"post_type\" value=\"gocargo_shipment\" \/> \r\n            <\/form>\r\n            <div class=\"clearfix\"><\/div>\r\n        <\/div>\r\n    <\/div>\r\n\r\n[\/vc_column_text][\/vc_column][\/vc_row][vc_row el_id=&#8221;section-tracking-result&#8221; el_class=&#8221;light-text&#8221; css=&#8221;.vc_custom_1465438658504{padding-top: 0px !important;padding-bottom: 0px !important;}&#8221;][vc_column][\/vc_column][\/vc_row][vc_row fullwidth=&#8221;yes&#8221; css=&#8221;.vc_custom_1465183651777{padding-top: 0px !important;padding-bottom: 0px !important;}&#8221;][vc_column]\t\t\t   \n\t\n\t\t<div class=\"box-service box-four-columns\" style=\"background-color:  ;\">\n            <div class=\"bg-color-fx padding-5 text-center light-text\">\n                <h3>Voix Aerienne<\/h3>\n                <div class=\"tiny-border margintop10 marginbottom10\"><\/div>\n                <img src=\"https:\/\/mabucoo.com\/wp-content\/uploads\/2016\/06\/news_8-1-removebg-preview.png\" class=\"img-responsive margintop20 marginbottom20 wow fadeInRight\" data-wow-delay=\"0.3s\" alt=\"Voix Aerienne\" \/>\n                <p>[vc_row css=&#8221;.vc_custom_1465206738673{padding-bottom: 0px !important;}&#8221;][vc_column width=&#8221;1\/2&#8243;][vc_column_text css=&#8221;.vc_custom_1465206491621{margin-bottom: 0px !important;}&#8221;]Aenean sollicitudin, lorem quis bibendum auctor, nisi elit consequat ipsum, nec sagittis sem nibh id elit. Duis sed odio sit amet nibh vulputate cursus a sit amet mauris. Morbi accumsan ipsum velit. Nam nec tellus a odio tincidunt auctor a ornare odio. Sed non mauris vitae erat consequat [&hellip;]<\/p>\n                                \t<a href=\"https:\/\/mabucoo.com\/index.php\/services\/services-details-4\/\" class=\"btn-arrow hover-light\"><span class=\"line\"><\/span><span class=\"url\">View Details<\/span><\/a>\n            \t            <\/div>\n        <\/div>\n            \n\t\t<div class=\"box-service box-four-columns\" style=\"background-color:  ;\">\n            <div class=\"bg-color-fx padding-5 text-center light-text\">\n                <h3>Voix Terrestre<\/h3>\n                <div class=\"tiny-border margintop10 marginbottom10\"><\/div>\n                <img src=\"https:\/\/mabucoo.com\/wp-content\/uploads\/2016\/06\/pic-2-removebg-preview.png\" class=\"img-responsive margintop20 marginbottom20 wow fadeInRight\" data-wow-delay=\"0.6s\" alt=\"Voix Terrestre\" \/>\n                <p>[vc_row css=&#8221;.vc_custom_1465206738673{padding-bottom: 0px !important;}&#8221;][vc_column width=&#8221;1\/2&#8243;][vc_column_text css=&#8221;.vc_custom_1465206491621{margin-bottom: 0px !important;}&#8221;]Aenean sollicitudin, lorem quis bibendum auctor, nisi elit consequat ipsum, nec sagittis sem nibh id elit. Duis sed odio sit amet nibh vulputate cursus a sit amet mauris. Morbi accumsan ipsum velit. Nam nec tellus a odio tincidunt auctor a ornare odio. Sed non mauris vitae erat consequat [&hellip;]<\/p>\n                                \t<a href=\"https:\/\/mabucoo.com\/index.php\/services\/services-details-3\/\" class=\"btn-arrow hover-light\"><span class=\"line\"><\/span><span class=\"url\">View Details<\/span><\/a>\n            \t            <\/div>\n        <\/div>\n            \n\t\t<div class=\"box-service box-four-columns\" style=\"background-color:  ;\">\n            <div class=\"bg-color-fx padding-5 text-center light-text\">\n                <h3>Voix Ferroviaire<\/h3>\n                <div class=\"tiny-border margintop10 marginbottom10\"><\/div>\n                <img src=\"https:\/\/mabucoo.com\/wp-content\/uploads\/2016\/06\/pic-8-removebg-preview.png\" class=\"img-responsive margintop20 marginbottom20 wow fadeInRight\" data-wow-delay=\"0.9s\" alt=\"Voix Ferroviaire\" \/>\n                <p>[vc_row css=&#8221;.vc_custom_1465206738673{padding-bottom: 0px !important;}&#8221;][vc_column width=&#8221;1\/2&#8243;][vc_column_text css=&#8221;.vc_custom_1465206491621{margin-bottom: 0px !important;}&#8221;]Aenean sollicitudin, lorem quis bibendum auctor, nisi elit consequat ipsum, nec sagittis sem nibh id elit. Duis sed odio sit amet nibh vulputate cursus a sit amet mauris. Morbi accumsan ipsum velit. Nam nec tellus a odio tincidunt auctor a ornare odio. Sed non mauris vitae erat consequat [&hellip;]<\/p>\n                                \t<a href=\"https:\/\/mabucoo.com\/index.php\/services\/services-details-2\/\" class=\"btn-arrow hover-light\"><span class=\"line\"><\/span><span class=\"url\">View Details<\/span><\/a>\n            \t            <\/div>\n        <\/div>\n            \n\t\t<div class=\"box-service box-four-columns\" style=\"background-color: #141414 ;\">\n            <div class=\"bg-color-fx padding-5 text-center light-text\">\n                <h3>Voix Maritime<\/h3>\n                <div class=\"tiny-border margintop10 marginbottom10\"><\/div>\n                <img src=\"https:\/\/mabucoo.com\/wp-content\/uploads\/2016\/06\/1-1.png\" class=\"img-responsive margintop20 marginbottom20 wow fadeInRight\" data-wow-delay=\"1.2s\" alt=\"Voix Maritime\" \/>\n                <p>Aenean sollicitudin, lorem quis bibendum auctor, nisi elit consequat ipsum, nec sagittis sem<\/p>\n                                \t<a href=\"https:\/\/mabucoo.com\/index.php\/services\/ocean-freight\/\" class=\"btn-arrow hover-light\"><span class=\"line\"><\/span><span class=\"url\">View Details<\/span><\/a>\n            \t            <\/div>\n        <\/div>\n        <div class=\"divider0\" style=\"clear: both;height: 1px;\"><\/div>        \n\n[\/vc_column][\/vc_row][vc_row bg_parallax_section=&#8221;yes&#8221; parallax_image_section=&#8221;399&#8243;][vc_column width=&#8221;1\/3&#8243;]\t\t\t\n\t<div class=\"vc_custom_1692962165688 bg-2 padding30 light-text; text-black \"  >\n        <div class=\"inner-padding\">\n            <h2 class=\"id-color\">MABUCO EXPRESS<\/h2>\n            <div class=\"tiny-border\"><\/div>\n<p class=\"lead big\" style=\"color: black;\"><i>Nous repondrons \u00e0 toute demande \u00e0 moins de 24H.<\/i><\/p>\n<p>Nous existons pour vous servir<\/p>\n<div class=\"text-center\"><img decoding=\"async\" loading=\"lazy\" class=\"alignnone size-full wp-image-893\" src=\"http:\/\/mabucoo.com\/wp-content\/uploads\/2023\/08\/MABUCO-EXPRESS_NEW1.png\" alt=\"\" width=\"244\" height=\"210\" \/><\/div>\n<p>        <\/div>\n    <\/div>\n    \n[\/vc_column][vc_column width=&#8221;2\/3&#8243;]\n<div class=\"wpcf7 no-js\" id=\"wpcf7-f224-o1\" lang=\"en-US\" dir=\"ltr\">\n<div class=\"screen-reader-response\"><p role=\"status\" aria-live=\"polite\" aria-atomic=\"true\"><\/p> <ul><\/ul><\/div>\n<form action=\"\/index.php\/wp-json\/wp\/v2\/pages\/13#wpcf7-f224-o1\" method=\"post\" class=\"wpcf7-form init\" aria-label=\"Contact form\" novalidate=\"novalidate\" data-status=\"init\">\n<div style=\"display: none;\">\n<input type=\"hidden\" name=\"_wpcf7\" value=\"224\" \/>\n<input type=\"hidden\" name=\"_wpcf7_version\" value=\"5.8\" \/>\n<input type=\"hidden\" name=\"_wpcf7_locale\" value=\"en_US\" \/>\n<input type=\"hidden\" name=\"_wpcf7_unit_tag\" value=\"wpcf7-f224-o1\" \/>\n<input type=\"hidden\" name=\"_wpcf7_container_post\" value=\"0\" \/>\n<input type=\"hidden\" name=\"_wpcf7_posted_data_hash\" value=\"\" \/>\n<\/div>\n<div class=\"row form-transparent\">\n\t<div class=\"col-md-6\">\n\t\t<p><span class=\"wpcf7-form-control-wrap\" data-name=\"your-name\"><input size=\"40\" class=\"wpcf7-form-control wpcf7-text wpcf7-validates-as-required form-control\" aria-required=\"true\" aria-invalid=\"false\" placeholder=\"First Name*\" value=\"\" type=\"text\" name=\"your-name\" \/><\/span>\n\t\t<\/p>\n\t<\/div>\n\t<div class=\"col-md-6\">\n\t\t<p><span class=\"wpcf7-form-control-wrap\" data-name=\"last-name\"><input size=\"40\" class=\"wpcf7-form-control wpcf7-text wpcf7-validates-as-required form-control\" aria-required=\"true\" aria-invalid=\"false\" placeholder=\"Last Name*\" value=\"\" type=\"text\" name=\"last-name\" \/><\/span>\n\t\t<\/p>\n\t<\/div>\n\t<div class=\"col-md-6\">\n\t\t<p><span class=\"wpcf7-form-control-wrap\" data-name=\"your-email\"><input size=\"40\" class=\"wpcf7-form-control wpcf7-email wpcf7-validates-as-required wpcf7-text wpcf7-validates-as-email form-control\" aria-required=\"true\" aria-invalid=\"false\" placeholder=\"Email*\" value=\"\" type=\"email\" name=\"your-email\" \/><\/span>\n\t\t<\/p>\n\t<\/div>\n\t<div class=\"col-md-6\">\n\t\t<p><span class=\"wpcf7-form-control-wrap\" data-name=\"your-phone\"><input size=\"40\" class=\"wpcf7-form-control wpcf7-tel wpcf7-text wpcf7-validates-as-tel form-control\" aria-invalid=\"false\" placeholder=\"Phone*\" value=\"\" type=\"tel\" name=\"your-phone\" \/><\/span>\n\t\t<\/p>\n\t<\/div>\n\t<div class=\"col-md-12\">\n\t\t<p><span class=\"wpcf7-form-control-wrap\" data-name=\"your-message\"><textarea cols=\"40\" rows=\"10\" class=\"wpcf7-form-control wpcf7-textarea form-control\" aria-invalid=\"false\" placeholder=\"Your message\" name=\"your-message\"><\/textarea><\/span>\n\t\t<\/p>\n\t<\/div>\n\t<div class=\"col-md-12\">\n\t\t<p id=\"btnsubmit\"><input class=\"wpcf7-form-control wpcf7-submit has-spinner btn btn-custom fullwidth\" type=\"submit\" value=\"Send\" \/>\n\t\t<\/p>\n\t<\/div>\n<\/div><div class=\"wpcf7-response-output\" aria-hidden=\"true\"><\/div>\n<\/form>\n<\/div>\n[\/vc_column][\/vc_row][vc_row][vc_column width=&#8221;1\/3&#8243; animate=&#8221;fadein&#8221; delay=&#8221;.2&#8243;]\n\t<div class=\"text-left \">\n\t\t \n\t\t\t <h2>Entreprise<\/h2>\t        \t\t\t<div class=\"divider-deco\"><span><\/span><\/div>\t\t\t\n\t\t    <\/div>\t\n\t\n\n<ul class=\"accordion style-2\">\n\t<li>\n\t        <a class=\"NoneActive\">Company Profile<\/a>\n\t        <div class=\"content\">Lorem ipsum dolor sit amet, consectetur adipiscing elit, sed do eiusmod tempor incididunt ut labore et dolore magna aliqua. Ut enim ad minim veniam, quis nostrud exercitation ullamco laboris nisi ut aliquip ex ea commodo consequat.<\/div>\n\t    <\/li><li>\n\t        <a class=\"NoneActive\">Mission &amp; Vision<\/a>\n\t        <div class=\"content\">Lorem ipsum dolor sit amet, consectetur adipiscing elit, sed do eiusmod tempor incididunt ut labore et dolore magna aliqua. Ut enim ad minim veniam, quis nostrud exercitation ullamco laboris nisi ut aliquip ex ea commodo consequat.<\/div>\n\t    <\/li><li>\n\t        <a class=\"NoneActive\">Company Profile<\/a>\n\t        <div class=\"content\">Lorem ipsum dolor sit amet, consectetur adipiscing elit, sed do eiusmod tempor incididunt ut labore et dolore magna aliqua. Ut enim ad minim veniam, quis nostrud exercitation ullamco laboris nisi ut aliquip ex ea commodo consequat.<\/div>\n\t    <\/li>    \n<\/ul>\n[\/vc_column][vc_column width=&#8221;1\/3&#8243; animate=&#8221;fadein&#8221; delay=&#8221;.6&#8243;]\n\t<div class=\"text-left \">\n\t\t \n\t\t\t <h2>Nos Directions<\/h2>\t        \t\t\t<div class=\"divider-deco\"><span><\/span><\/div>\t\t\t\n\t\t    <\/div>\t\n\t\n\n<ul class=\"accordion style-2\">\n\t<li>\n\t        <a class=\"NoneActive\">Company Profile<\/a>\n\t        <div class=\"content\">Lorem ipsum dolor sit amet, consectetur adipiscing elit, sed do eiusmod tempor incididunt ut labore et dolore magna aliqua. Ut enim ad minim veniam, quis nostrud exercitation ullamco laboris nisi ut aliquip ex ea commodo consequat.<\/div>\n\t    <\/li><li>\n\t        <a class=\"NoneActive\">Company Profile<\/a>\n\t        <div class=\"content\">Lorem ipsum dolor sit amet, consectetur adipiscing elit, sed do eiusmod tempor incididunt ut labore et dolore magna aliqua. Ut enim ad minim veniam, quis nostrud exercitation ullamco laboris nisi ut aliquip ex ea commodo consequat.<\/div>\n\t    <\/li><li>\n\t        <a class=\"NoneActive\">Our Value<\/a>\n\t        <div class=\"content\">Lorem ipsum dolor sit amet, consectetur adipiscing elit, sed do eiusmod tempor incididunt ut labore et dolore magna aliqua. Ut enim ad minim veniam, quis nostrud exercitation ullamco laboris nisi ut aliquip ex ea commodo consequat.<\/div>\n\t    <\/li>    \n<\/ul>\n[\/vc_column][vc_column width=&#8221;1\/3&#8243; animate=&#8221;fadein&#8221; delay=&#8221;.8&#8243;]\n\t<div class=\"text-left \">\n\t\t \n\t\t\t <h2>Prochaine Commande<\/h2>\t        \t\t\t<div class=\"divider-deco\"><span><\/span><\/div>\t\t\t\n\t\t    <\/div>\t\n\t\n\n<ul class=\"accordion style-2\">\n\t<li>\n\t        <a class=\"NoneActive\">Company Profile<\/a>\n\t        <div class=\"content\">Lorem ipsum dolor sit amet, consectetur adipiscing elit, sed do eiusmod tempor incididunt ut labore et dolore magna aliqua. Ut enim ad minim veniam, quis nostrud exercitation ullamco laboris nisi ut aliquip ex ea commodo consequat.<\/div>\n\t    <\/li><li>\n\t        <a class=\"NoneActive\">Our Value<\/a>\n\t        <div class=\"content\">Lorem ipsum dolor sit amet, consectetur adipiscing elit, sed do eiusmod tempor incididunt ut labore et dolore magna aliqua. Ut enim ad minim veniam, quis nostrud exercitation ullamco laboris nisi ut aliquip ex ea commodo consequat.<\/div>\n\t    <\/li><li>\n\t        <a class=\"NoneActive\">Our Value<\/a>\n\t        <div class=\"content\">Lorem ipsum dolor sit amet, consectetur adipiscing elit, sed do eiusmod tempor incididunt ut labore et dolore magna aliqua. Ut enim ad minim veniam, quis nostrud exercitation ullamco laboris nisi ut aliquip ex ea commodo consequat.<\/div>\n\t    <\/li>    \n<\/ul>\n[\/vc_column][\/vc_row]<\/p>\n<\/section>","protected":false},"excerpt":{"rendered":"<p>[vc_row fullwidth=&#8221;yes&#8221; css=&#8221;.vc_custom_1692982024536{padding-top: 0px !important;padding-bottom: 0px !important;background-image: url(http:\/\/mabucoo.com\/wp-content\/uploads\/2016\/05\/poster-1.jpg?id=395) !important;}&#8221;][vc_column][\/vc_column][\/vc_row][vc_row css=&#8221;.vc_custom_1465286861099{padding-top: 0px !important;padding-bottom: 0px !important;}&#8221; el_class=&#8221;mt-90 absolute width100 z-index10 height90px overlaydark70&#8243;][vc_column width=&#8221;1\/4&#8243;][\/vc_column][vc_column width=&#8221;1\/4&#8243;][\/vc_column][vc_column width=&#8221;1\/4&#8243;][\/vc_column][vc_column width=&#8221;1\/4&#8243;][\/vc_column][vc_column][\/vc_column][\/vc_row][vc_row img_halfrow=&#8221;yes&#8221; halfrow_image=&#8221;398&#8243; img_columns=&#8221;6columns&#8221; img_position=&#8221;imgright&#8221; css=&#8221;.vc_custom_1465286989430{padding-top: 90px !important;padding-bottom: 70px !important;}&#8221;][vc_column width=&#8221;1\/2&#8243; offset=&#8221;vc_col-md-5&#8243;][vc_column_text css=&#8221;.vc_custom_1692977565712{margin-bottom: 30px !important;}&#8221;]C&#8217;est une entreprise transitaire situ\u00e9e \u00e0 Foshan City, GuangDong Province. Vous trouverez un depot tres grand et securis\u00e9 [&hellip;]<\/p>\n","protected":false},"author":1,"featured_media":0,"parent":0,"menu_order":0,"comment_status":"closed","ping_status":"closed","template":"page-templates\/template-canvas.php","meta":{"om_disable_all_campaigns":false,"_monsterinsights_skip_tracking":false,"_monsterinsights_sitenote_active":false,"_monsterinsights_sitenote_note":"","_monsterinsights_sitenote_category":0,"footnotes":""},"aioseo_notices":[],"_links":{"self":[{"href":"https:\/\/mabucoo.com\/index.php\/wp-json\/wp\/v2\/pages\/13"}],"collection":[{"href":"https:\/\/mabucoo.com\/index.php\/wp-json\/wp\/v2\/pages"}],"about":[{"href":"https:\/\/mabucoo.com\/index.php\/wp-json\/wp\/v2\/types\/page"}],"author":[{"embeddable":true,"href":"https:\/\/mabucoo.com\/index.php\/wp-json\/wp\/v2\/users\/1"}],"replies":[{"embeddable":true,"href":"https:\/\/mabucoo.com\/index.php\/wp-json\/wp\/v2\/comments?post=13"}],"version-history":[{"count":34,"href":"https:\/\/mabucoo.com\/index.php\/wp-json\/wp\/v2\/pages\/13\/revisions"}],"predecessor-version":[{"id":982,"href":"https:\/\/mabucoo.com\/index.php\/wp-json\/wp\/v2\/pages\/13\/revisions\/982"}],"wp:attachment":[{"href":"https:\/\/mabucoo.com\/index.php\/wp-json\/wp\/v2\/media?parent=13"}],"curies":[{"name":"wp","href":"https:\/\/api.w.org\/{rel}","templated":true}]}}